{"id":82,"date":"2021-11-07T22:13:50","date_gmt":"2021-11-07T21:13:50","guid":{"rendered":"https:\/\/anneangelini.com\/?page_id=82"},"modified":"2021-11-20T12:34:19","modified_gmt":"2021-11-20T11:34:19","slug":"avis","status":"publish","type":"page","link":"https:\/\/anneangelini.com\/index.php\/avis\/","title":{"rendered":"T\u00e9moignages"},"content":{"rendered":"\n<p><\/p>\n\n\n\n<p>&#8220;En 2021, j&#8217;ai \u00e9t\u00e9 amen\u00e9e \u00e0 suivre des s\u00e9ances de coaching avec Anne Angelini sur plusieurs semaines.<\/p>\n\n\n\n<p>Je n&#8217;avais jamais fait ce genre de d\u00e9marche pr\u00e9c\u00e9demment. Au fil des s\u00e9ances, j&#8217;ai d\u00e9couvert des m\u00e9thodes de r\u00e9flexion qui m&#8217;ont beaucoup int\u00e9ress\u00e9e et aid\u00e9e dans le projet que je souhaitais approfondir.<\/p>\n\n\n\n<p>Le travail que nous avons men\u00e9 ensemble a eu des effets \u00e9clairants et positifs sur mon projet ; et d&#8217;une mani\u00e8re plus g\u00e9n\u00e9rale, j&#8217;ai d\u00e9couvert que cet accompagnement avait des effets collat\u00e9raux b\u00e9n\u00e9fiques dans ma vie.<\/p>\n\n\n\n<p>A travers son \u00e9coute, ses m\u00e9thodes de travail et son encouragement lumineux, Anne m&#8217;a aid\u00e9e \u00e0 faire \u00e9merger les potentiels qui sommeillaient en moi.&#8221;<\/p>\n\n\n\n<p>Sandrine<\/p>\n\n\n\n<hr class=\"wp-block-separator\"\/>\n\n\n\n<p> &#8220;On dirait que tu as toujours \u00e9t\u00e9 coach&#8221;. <\/p>\n\n\n\n<p>Dominique<\/p>\n","protected":false},"excerpt":{"rendered":"<p>&#8220;En 2021, j&#8217;ai \u00e9t\u00e9 amen\u00e9e \u00e0 suivre des s\u00e9ances de coaching avec Anne Angelini sur plusieurs semaines. Je n&#8217;avais jamais fait ce genre de d\u00e9marche pr\u00e9c\u00e9demment. Au fil des s\u00e9ances, j&#8217;ai d\u00e9couvert des m\u00e9thodes de r\u00e9flexion qui m&#8217;ont beaucoup int\u00e9ress\u00e9e et aid\u00e9e dans le projet que je souhaitais approfondir. Le travail que nous avons men\u00e9 &hellip; <\/p>\n<p class=\"link-more\"><a href=\"https:\/\/anneangelini.com\/index.php\/avis\/\" class=\"more-link\">Continue reading<span class=\"screen-reader-text\"> &#8220;T\u00e9moignages&#8221;<\/span><\/a><\/p>\n","protected":false},"author":1,"featured_media":0,"parent":0,"menu_order":0,"comment_status":"closed","ping_status":"closed","template":"","meta":[],"_links":{"self":[{"href":"https:\/\/anneangelini.com\/index.php\/wp-json\/wp\/v2\/pages\/82"}],"collection":[{"href":"https:\/\/anneangelini.com\/index.php\/wp-json\/wp\/v2\/pages"}],"about":[{"href":"https:\/\/anneangelini.com\/index.php\/wp-json\/wp\/v2\/types\/page"}],"author":[{"embeddable":true,"href":"https:\/\/anneangelini.com\/index.php\/wp-json\/wp\/v2\/users\/1"}],"replies":[{"embeddable":true,"href":"https:\/\/anneangelini.com\/index.php\/wp-json\/wp\/v2\/comments?post=82"}],"version-history":[{"count":4,"href":"https:\/\/anneangelini.com\/index.php\/wp-json\/wp\/v2\/pages\/82\/revisions"}],"predecessor-version":[{"id":95,"href":"https:\/\/anneangelini.com\/index.php\/wp-json\/wp\/v2\/pages\/82\/revisions\/95"}],"wp:attachment":[{"href":"https:\/\/anneangelini.com\/index.php\/wp-json\/wp\/v2\/media?parent=82"}],"curies":[{"name":"wp","href":"https:\/\/api.w.org\/{rel}","templated":true}]}}